{"id":7816,"date":"2023-08-09T14:12:46","date_gmt":"2023-08-09T12:12:46","guid":{"rendered":"https:\/\/www.retroshopen.nu\/?post_type=product&#038;p=7816"},"modified":"2023-08-09T14:16:25","modified_gmt":"2023-08-09T12:16:25","slug":"rca-bolagspase-original-1971","status":"publish","type":"product","link":"https:\/\/www.retroshopen.nu\/index.php\/produkt\/rca-bolagspase-original-1971\/","title":{"rendered":"RCA Bolagsp\u00e5se (Original 1971)"},"content":{"rendered":"<p>bolagsp\u00e5se original USA kan f\u00f6rekomma stick m\u00e4rke efter h\u00e4ftklammer men \u00f6vrigt i bra skick<\/p>\n<p>Vid k\u00f6p av enbart bolagsp\u00e5sar s\u00e5 \u00e4r frakten 50 kr dra av 50 kr n\u00e4r ni betalar<\/p>\n<p>eller skicka ett mejl om ni \u00e4r os\u00e4kra<\/p>\n","protected":false},"excerpt":{"rendered":"<p>bolagsp\u00e5se original USA kan f\u00f6rekomma stick m\u00e4rke efter h\u00e4ftklammer men \u00f6vrigt i bra skick Vid k\u00f6p av enbart bolagsp\u00e5sar s\u00e5 \u00e4r frakten 50 kr dra av 50 kr n\u00e4r ni betalar eller skicka ett mejl om ni \u00e4r os\u00e4kra<\/p>\n","protected":false},"featured_media":7822,"template":"","meta":[],"product_brand":[],"product_cat":[69,53],"product_tag":[],"class_list":{"0":"post-7816","1":"product","2":"type-product","3":"status-publish","4":"has-post-thumbnail","6":"product_cat-bolagspase-company-sleeve","7":"product_cat-musik","9":"first","10":"instock","11":"taxable","12":"shipping-taxable","13":"purchasable","14":"product-type-simple"},"_links":{"self":[{"href":"https:\/\/www.retroshopen.nu\/index.php\/wp-json\/wp\/v2\/product\/7816","targetHints":{"allow":["GET"]}}],"collection":[{"href":"https:\/\/www.retroshopen.nu\/index.php\/wp-json\/wp\/v2\/product"}],"about":[{"href":"https:\/\/www.retroshopen.nu\/index.php\/wp-json\/wp\/v2\/types\/product"}],"wp:featuredmedia":[{"embeddable":true,"href":"https:\/\/www.retroshopen.nu\/index.php\/wp-json\/wp\/v2\/media\/7822"}],"wp:attachment":[{"href":"https:\/\/www.retroshopen.nu\/index.php\/wp-json\/wp\/v2\/media?parent=7816"}],"wp:term":[{"taxonomy":"product_brand","embeddable":true,"href":"https:\/\/www.retroshopen.nu\/index.php\/wp-json\/wp\/v2\/product_brand?post=7816"},{"taxonomy":"product_cat","embeddable":true,"href":"https:\/\/www.retroshopen.nu\/index.php\/wp-json\/wp\/v2\/product_cat?post=7816"},{"taxonomy":"product_tag","embeddable":true,"href":"https:\/\/www.retroshopen.nu\/index.php\/wp-json\/wp\/v2\/product_tag?post=7816"}],"curies":[{"name":"wp","href":"https:\/\/api.w.org\/{rel}","templated":true}]}}